2 + 7*n**3/3 - 21*n**2 - 110*n - 6. What is v(10)?
-2
Let j(v) = -v**3 - 9*v**2 - 13*v - 9. Let w be 18/((29 - 7)/(-11)). What is j(w)?
108
Suppose -215 = -12*m - 35. Let r be 6/m + 66/10. Let f(q) be the second derivative of -q**4/12 + 4*q**3/3 - q**2/2 + 2*q. Calculate f(r).
6
Let w(q) be the second derivative of q - 7/12*q**4 - 9/2*q**2 + 22 + 1/20*q**5 + 1/3*q**3. Determine w(7).
5
Let t(a) be the first derivative of -36*a - a**3 + 1/12*a**4 + 1/2*a**2 + 12. Let o(m) be the first derivative of t(m). Calculate o(7).
8
Let f(w) = 2*w - 3. Let z be 1/(-4) + 105/20. Suppose 0 = u + 2*r - 2, 0 = 3*u - 0*r - 3*r - 15. Suppose z*s - m - 20 = -3*m, -16 = -4*s - u*m. Determine f(s).
5
Let u = 7 - 3. Suppose 5*r + 3*k + k + u = 0, 5*k = -r - 5. Let f(j) = r - j + 0*j + 1 + 6. Determine f(0).
7
Let a(l) = l**3 + 10*l**2 - l - 9. Let j = -24 + 40. Suppose -12*d = -j*d - 40. Let k be a(d). Let n(t) = -t**3 + 2*t - 1. What is n(k)?
0
Let s(o) = -58*o - 43. Let w be s(-8). Let n(g) = -409 + 0*g + g + w. What is n(-11)?
1
Let c(u) = u**2 + 5*u + 3. Let h be (((-12)/28)/((-45)/210))/(-2). Determine c(h).
-1
Let t(u) be the third derivative of 1/60*u**5 - 7/6*u**3 + 50*u**2 + 0 + 5/24*u**4 + 0*u. Suppose 4*h + 1 = 3*q, -3*h + 3 = -3*q - 0*q. Determine t(q).
-7
Let l(c) = -4*c**2 - 6. Let j(f) = -1 + 340*f**2 - 683*f**2 + 342*f**2. Let o(u) = -5*j(u) + l(u). Give o(3).
8
Let q(x) = x**2 + 4615*x - 9220*x + 16 + 4618*x. Give q(-11).
-6
Let m(l) = l**2 + 15*l + 44. Let p be (-35)/6 + 17/((-306)/3). Determine m(p).
-10
Let h(t) = t**3 - 9*t**2 + 9*t - 1. Suppose 0 = -i + 5*f + 15, -17 = -i - 4*f + 25. Let y = -26 + i. Suppose -a - 2*d + 4 = 0, d + y = 2. Calculate h(a).
7
Let r(v) = 5*v**3 + 8*v + 1. Let p(q) = 4*q**3 + q**2 + 6*q. Suppose 0 = -x - 2*x - 5*u - 12, 5*x + 20 = 5*u. Let m(z) = x*p(z) + 3*r(z). Calculate m(-4).
3
Let d(j) be the first derivative of j**3/3 + 3*j**2/2 - 22. Suppose 2*z = 4*s - 14, -3*s + z = s - 9. Let x(k) = -6*k + 2. Let c be x(s). Determine d(c).
4
Let r = -29 + 30. Suppose 2*z - 18 + 0 = -4*m, r = -z + 3*m. Let u be 18/(-45) + 2/z. Let o(y) = y**2 - y - 13. What is o(u)?
-13
Let z = -169 + 296. Suppose -2*o - 119 + z = 0. Let k(d) = -11*d + 5. What is k(o)?
-39
Let m be -64 + 59 - 9/(-1). Let b(t) = 3*t - 17. What is b(m)?
-5
Let g(p) = p - 14. Let a = 261 - -364. Let v = -614 + a. Calculate g(v).
-3
Let t(n) = -3*n + 12. Suppose -2*h = -3*l + 2*h - 11, 0 = 2*h - 10. Suppose -4*c = 16, -g = -c - 12 + l. What is t(g)?
-3
Let c = -186 + 191. Suppose -c*q = -2*o + 64, q - 40 = 5*q + 4*o. Let s(u) = 2*u + 14. Calculate s(q).
-10
Suppose -2*p + 77 = 199. Let b = -58 - p. Let t(f) = 17*f**2 - 2*f**b - 2 - 51*f + 49*f - 14*f**2. Give t(2).
-10
Let x(j) = -j**2 - 9*j + 9. Let q be x(-7). Let f(p) = -p**2 - 10*p + 5*p - q - 2*p + 29. Calculate f(-8).
-2
Let s(m) = 13*m**2 + 2*m - 28. Let h be s(-4). Let w(z) = -345 + 172 + h - 2*z. What is w(3)?
-7
Let x(k) = 5*k**2 - k - 3. Let o(n) = -n**3 + n - 1. Let p(y) = -o(y) - x(y). Let z be (-32 - -52)/(-6 + 11). What is p(z)?
-12
Suppose -2*r - 1 + 5 = 0. Let d(i) = 57*i**r - 29*i**2 - 32*i**2 + 2*i - 2 + 2*i. Let q = 0 + 2. Calculate d(q).
-10
Suppose 28*a - 17 = 11. Let y(f) = -859*f - 5 + 852*f + a. Calculate y(-2).
10
Let t(y) = 5*y - 169. Suppose 245*s + 71*s = -39*s + 12070. What is t(s)?
1
Let v be (-1 - (5 + -11)) + (-8 - -1). Let k(c) = 1 - 5 + 0 + 1 - 5*c. Calculate k(v).
7
Let m(q) = -2*q**3 + 8*q**2 + 8*q - 9. Let d(l) = l**3 - l**2 - 3*l + 1. Let b(i) = 3*d(i) + m(i). Determine b(-5).
-1
Let t(f) = -21*f + 2*f - 65 - 14 - 121 - 11. What is t(-11)?
-2
Let v(s) be the first derivative of -7*s**2 + 156*s - 116. Let a be v(11). Let p(l) = -l**3 + 4*l**2 - 2*l - 1. Calculate p(a).
3
Let f(l) = -20*l - 1. Let u(p) = -p**2 - 8*p + 133. Let s be u(-16). Suppose 13*c - 11*c - 10 = 4*y, -16 = y - s*c. Calculate f(y).
19
Let b(i) = -i**2 - 7*i - 3. Let y be (-8 + (-27)/(-4))/((-2)/(-8)). Give b(y).
7
Let c(l) be the second derivative of 2*l**5/5 - 7*l**2/2 + 15*l. Let b = 24 + -17. Let o(i) = 7*i**3 + i**2 - 6. Let u(p) = b*o(p) - 6*c(p). Determine u(-7).
0
Let o(w) = -22 - 18*w**2 - 28 - 29 - w + 125 - 45. Let h be (-2)/1*(-2)/4. What is o(h)?
-18
Let i = -83 - -87. Let c be 45/25*(i/4 + 24). Let g(x) = 4*x**2 - 3 + 39*x + c*x - 5*x**2 - 80*x. Determine g(6).
-15
Let u(n) = 1030*n**3 + 66 - 1031*n**3 + 2*n**2 + 9 + 69 + 18*n**2 + 63*n. Give u(23).
6
Let b be -20 + (0/1)/(-5). Let z be (24/b*-5)/1. Let p be 14/z + 18/(-54). Let r(k) = -2*k**2 + 3*k - 2. What is r(p)?
-4
Let y(t) = 58*t - 405. Let j(r) = r**3 + 5*r**2 - 67*r - 364. Let n be j(-7). Calculate y(n).
1
Let u(d) = -d + 9. Suppose 48*b - 23*b - 3300 = 0. Suppose 7*j = -4*j + b. Give u(j).
-3
Let y(w) = w**2 - 4*w + 3. Suppose 11*r + 45 = 14*r. Suppose 13*s = 18*s - r. Suppose q - s*q + 8 = 0. Calculate y(q).
3
Let x(r) be the third derivative of r**5/60 + 11*r**4/24 + 52*r**2 + 2. What is x(-7)?
-28
Let o(b) = -5*b + 12. Let k be o(2). Suppose -k*h - 8 = -10*h. Let r(u) = 2*u - 2 + u**2 - 4*u**2 + h + 2*u**2. Determine r(3).
-4
Suppose -76 = 4*d - 4*y, -y + 6*y = -5*d - 55. Let h(z) = -4*z + 50. Determine h(d).
110
Let f(z) = -3*z + 3. Let m be ((-69)/46)/((-3)/(-6)). Determine f(m).
12
Let m(n) = 0*n + 2 - 8*n + 3 - 7*n**2 + n**3. Let b be (40/12 - 1020/90)/(-1 - 0). Give m(b).
5
Let p = -1425 - -2452. Let i(q) = -513 + p - 512 + q. Let h be -1*(-2 - -8)/(-2). What is i(h)?
5
Let q(y) = -y**3 + 7*y**2 + 7*y - 19. Let s be 7 + (4/(-6) + 1)/(3/9). Calculate q(s).
-27
Let x = 0 + 0. Let l(k) be the second derivative of 1/6*k**3 + 10*k + 9/2*k**2 + 0. Calculate l(x).
9
Let h(p) = p**2 + 20*p + 13. Let t be (-5*(-3)/15)/(16/(-304)). Give h(t).
-6
Let k be ((-8)/6)/(2/(-9)). Suppose 4*q = -l - k - 10, 0 = -4*l - q - 34. Let w(g) be the second derivative of -g**3/6 - 3*g**2/2 - 2*g + 312. What is w(l)?
5
Let q(u) = -u**3 - 52*u**2 - 102*u - 101. Let r = 1055 - 1105. Give q(r).
-1
Let o(t) = t**2 - 10*t - 39. Let g(q) = -117*q + 1534. Let j be g(13). Determine o(j).
0
Let q = -1937 - -1941. Let s(f) = -2*f**2 + 13*f - 15. Give s(q).
5
Let o(m) be the first derivative of -m**3/3 - 2*m**2 + m + 12. Suppose -17*z - 66*z - 415 = 0. Determine o(z).
-4
Let m(t) = 4*t + 4. Let r(d) = -3*d - 4. Let i(c) = -2*m(c) - 3*r(c). Let y(j) = 2*j + 7. Let f(w) = -5*i(w) + 2*y(w). Let v = -14886 + 14880. What is f(v)?
0
Let r(s) be the second derivative of s**5/20 - 7*s**4/12 - 31*s**3/3 + 19*s**2/2 - 78*s + 34. Calculate r(12).
-5
Let i(p) = -p**2 + 7*p + 33. Suppose 0 = 58*g + 9*g - 2402 + 1732. Determine i(g).
3
Let j(s) be the second derivative of -6 - s + 1/3*s**3 + 1/2*s**2 + 1/2*s**4 + 1/20*s**5. What is j(-4)?
25
Let c(w) = -w**3 + 6*w**2 + 24*w + 19. Let g = -5518 - -5527. Calculate c(g).
-8
Suppose 2*w + 16 = -3*a + 3*w, a + 2*w + 3 = 0. Let z(s) = -6*s - 25. Calculate z(a).
5
Let g(t) be the first derivative of t**3/6 + 36*t + 55. Let u(j) be the first derivative of g(j). Let n be 1*6*(-2)/(-4). What is u(n)?
3
Let u(d) = -26 + 12*d - 13 - 4*d - d**2 + 43. Let a(t) = -t - 5. Let m be a(-8). Suppose -n = m*j - 3, -3*j - 27 - 15 = -4*n. Give u(n).
-5
Let b = -7349 + 7351. Let w(m) be the third derivative of 0 + 0*m - 27*m**b - 1/12*m**4 + 2/3*m**3. What is w(8)?
-12
Let b(a) = 5*a**2 + 2*a - 2. Suppose -m - 37 = -4*i + 34, -3*m + 3 = 0. Suppose -2*p - 6 = -i. Suppose -p*z + 5 - 17 = 0. Calculate b(z).
14
Let n(p) = p**3 + 7*p**2 + 8*p + 34. Suppose -54*q - 42*q = 22*q + 708. Calculate n(q).
22
Let t(v) = -v**2 - 3*v + 6. Suppose 4*u + 15 = -u. Let b be (2*u)/((-15)/10). What is t(b)?
-22
Let k(j) = 9*j. Let z(r) = 3*r - 18. Let w be z(6). Suppose 5 = u, w = 2*f - 2*u + 5 + 3. Suppose 3*y - 2*g + 6 = f, g = -2*y + 6. What is k(y)?
9
Let k(h) = 4*h - 6. Let z(f) = -3*f + 6. Let i(q) = -4*k(q) - 5*z(q). Let g(a) = -2*a**2 + 15*a + 66. Let l be g(-3). Let t be 2/6 - (7/l + 2). Give i(t).
-2
Let i(q) = -2*q + 13. Suppose -2*a + 7 = -m - 7, 7*a = -3*m + 10. What is i(a)?
5
Let q(d) = 17*d**2 + 61*d - 46. Let c(g) = -7*g**2 - 25*g + 19. Let u(a) = 12*c(a) + 5*q(a). Give u(-5).
-2
Let z(x) = -x**2 + 14*x - 11. Suppose -23*p + 1285 - 986 = 0. Determine z(p).
2
Let n(h) = h**3 - 6*h**2 + 6*h - 15. Let w = 8915 + -8910. Determine n(w).
-10
Let a(r) = 11*